i - 8, -i + 4*i - 2 = -5*v. What are the prime factors of 1/y - 33/v?
2
Suppose 0 = 3*t - 7143 + 2637. Let o = t - 999. List the prime factors of o.
503
Let y(p) = -3*p - 9. Let q(m) = -35*m + 35*m - m**2 - 1. Let i be q(2). List the prime factors of y(i).
2, 3
Let z(h) = -2*h**2 + 20*h - 32. Let t be z(13). Let v = -107 - t. Suppose 6*p + 4*l - 1314 = p, v*l = -3*p + 789. List the prime factors of p.
2, 131
Let c(b) = -2*b**2 + 9*b + 23. Let y(o) = -1. Let t(a) = -c(a) - 5*y(a). What are the prime factors of t(-10)?
2, 17
Let g = 74 - 72. Let u(y) = 8*y**3 - y**2 + 3*y. What are the prime factors of u(g)?
2, 3, 11
Suppose 5*w = -u - 92, -4*w + 4*u - u = 66. List the prime factors of 417 + -2*w/12.
2, 3, 5, 7
Let m(o) = -o**2 + 37*o - 5. Let h be m(27). What are the prime factors of (-716)/5*h/(-106)?
2, 179
What are the prime factors of (-325107)/(-12)*(-7 - (-350)/42)?
3, 12041
Let i be ((-6)/15)/((-1)/60*3). Suppose i*s = 9*s + 4. List the prime factors of s/(-10) - 353/(-5).
71
Let l(i) = i**2 + 14*i + 23. Let u be l(-12). List the prime factors of (3/u - -284) + -2.
3, 31
Suppose 116*h - 66422 = -4*m + 114*h, 4*m = h + 66431. List the prime factors of m.
16607
Suppose -2*r + 122 = -24. Let w = r - -551. List the prime factors of w.
2, 3, 13
Let h = 7 + -3. Let q be ((-3 - -4) + h)*1. Let i(k) = k + 12. List the prime factors of i(q).
17
Suppose 735 = 112*d - 91*d. What are the prime factors of 10184/7 + (-30)/d?
2, 727
Suppose 0 = 112*r - 944152 - 14680. List the prime factors of r.
7, 1223
Let n = 13 + -9. Suppose 0 = -4*y - 4*s + 524, -n*y + s + 530 = -s. List the prime factors of y.
2, 3, 11
Let l = 13352 + -9810. What are the prime factors of l?
2, 7, 11, 23
What are the prime factors of (-336)/(-21) - 179562/(-6)?
3, 1109
Let s be (-234)/(-52)*(-34)/(-3). Suppose -s*t + 47*t = -2008. What are the prime factors of t?
2, 251
Let i(v) = 279*v**2 + 185*v - 1298. List the prime factors of i(7).
2, 3, 17, 67
Let a(z) = z**3 + 30*z**2 + 56*z + 4. Let n be a(-28). Suppose -v + 537 = -g - 166, -n*g + 1388 = 2*v. What are the prime factors of v?
2, 5, 7
Let i(v) = v**3 + 11*v**2 + 29*v + 20. Let l be i(-6). List the prime factors of l + -27 - (-693 + -2).
2, 347
Let o(q) = -394*q - 6. Suppose 2*z - 2*y = 6, 0 = -3*z + 2*y - y + 1. What are the prime factors of o(z)?
2, 97
Suppose -n - 4*v = 4*n - 342, 4*n - 261 = v. What are the prime factors of (8388/(-5) + n/(-165))/(-2)?
839
Suppose -c + 1351 = -0*t + 3*t, 2*t - 4*c = 896. Let d = 135 + t. List the prime factors of d.
3, 5, 13
Suppose -3*t + 5*u + 94741 = 0, -16*t - 3*u + 94677 = -13*t. What are the prime factors of t?
31567
What are the prime factors of 2/(-35)*5 + (-182)/49 - -6977?
19, 367
Let n = -148 + 147. What are the prime factors of (387 - 31) + (-2 - (-2)/n)?
2, 11
Let f = 31647 + -22050. What are the prime factors of f?
3, 7, 457
Let w be 520/(-39)*9/(-6). Suppose 5*n - 31100 = -w*n. What are the prime factors of n?
2, 311
Suppose 4*f = 5*n + 727, 0 = -4*f + 5*n - 2*n + 721. Let w = 534 - f. What are the prime factors of w?
2, 89
Suppose 5*o - 53876 = 3*z, 5*z + 53870 = 42*o - 37*o. List the prime factors of o.
13, 829
Let n(l) = -505*l - 6621. What are the prime factors of n(-89)?
2, 11, 13, 67
List the prime factors of (-11)/((-165)/121035) - -16.
3, 5, 7, 11
Let n(b) = -2*b**2 - 2*b - 9. Let a be n(0). Let w be -66*a/(-4)*-2. Suppose 0*f - w = -5*s + f, 0 = -5*s + 4*f + 288. What are the prime factors of s?
2, 3, 5
Let d be (1 + 3)*(-145)/(-58). Suppose -3220 = d*p - 20*p. What are the prime factors of p?
2, 7, 23
Let n be (-1)/4 - 3/(-12). Suppose -75 = -r + t, 5*r - 345 = -t - n*t. Suppose -6*f + r = -140. What are the prime factors of f?
5, 7
Let w be (8/10)/2*(19 - 9). Suppose 1 = -3*v + z + 9, 0 = -3*v - 4*z - 2. Suppose 344 = 4*c + 4*g, w*c + v*g + 80 = 416. List the prime factors of c.
2, 41
Let w = 47 + -44. Suppose 0 = 3*o + w*o - 54. What are the prime factors of (92*1)/(18/o)?
2, 23
Let m(f) = f**3 + 11*f**2 - 59*f. Suppose -58*r + 64*r = -60. List the prime factors of m(r).
2, 3, 5, 23
Let f(w) = 92 - 8*w**2 - 101 + 7*w - 2*w**2 + 12*w**2. Let d(k) = 2*k + 5. Let p be d(-6). List the prime factors of f(p).
2, 5
What are the prime factors of -3*(7 - (-180)/(-25)) + 405574/10?
2, 7, 2897
Let b = 30773 - 21450. List the prime factors of b.
9323
Let s = 3 - -2. Let a = 65 + -19. Suppose s*c - 429 = a. What are the prime factors of c?
5, 19
Let v = 7 + 28. Let n be 94 - 7/(v/(-15)). Suppose 5*m - 3*d = -0*d + n, 0 = -4*m - 4*d + 52. What are the prime factors of m?
17
Let j(t) = -2*t. Let l(i) = -62*i + 47. Let v(c) = -5*j(c) + l(c). List the prime factors of v(-2).
151
Let i(f) = -f**3 - 12*f**2 - 20*f - 86. Let u(s) = -3. Let t(d) = i(d) + 5*u(d). List the prime factors of t(-15).
2, 19, 23
Suppose 163*t = 153346 + 186183. What are the prime factors of t?
2083
Let b = 5 + 3. Let p = b - 5. Suppose a + 78 = 2*a - 3*i, -204 = -3*a + p*i. What are the prime factors of a?
3, 7
Let k = 25641 - 13303. What are the prime factors of k?
2, 31, 199
Suppose -3807*w = -3752*w - 1267530. What are the prime factors of w?
2, 3, 23, 167
Let q be (-6)/(-3) - (4 + -20). Suppose 13*b = q*b - 325. What are the prime factors of b?
5, 13
Suppose 5*y - 32 = -3*s, 4*y + 1 = 2*s + 9. Suppose 4*k - 12 = 0, 0 = 5*f - 6*f + y*k + 217. List the prime factors of f.
229
Suppose -327564 = -69*q - 39*q. What are the prime factors of q?
3, 337
Let z be -1*((-706)/(-18) - 16/72). Let i = z - -38. What are the prime factors of (-195 - i)*(-2)/4?
97
Let t(w) = -96*w + 1917. What are the prime factors of t(-73)?
3, 5, 7, 17
Suppose 3*n - 1350 = -3*m, -34 = 5*n + 2*m - 2275. Let t = n + -155. List the prime factors of t.
2, 73
Suppose 3*r + 8 = -5*z + 43, -4*z - 4 = -4*r. What are the prime factors of (5 - r - -97)*1?
97
What are the prime factors of (9306/(-55))/((-3)/60)?
2, 3, 47
Let u(x) be the first derivative of -x**4/4 - x**3/3 - 11*x**2/2 - 10*x - 24. Let t be u(-5). Let g = t + 60. What are the prime factors of g?
5, 41
Let a(r) = -8*r**2 + 0*r - 6*r + 7*r**2 - 8. Let y be a(-4). Suppose y = 7*m - 3*m - 220. List the prime factors of m.
5, 11
Let i(k) = -4*k - 24. Let v(w) = 4*w + 25. Let p(s) = -7*i(s) - 6*v(s). Let a be p(-11). Let l = a + 78. List the prime factors of l.
2, 13
Let r be 1079 - ((-1)/1 + -3). Suppose -5*p = -2*h - 3*p + 432, 5*h = 2*p + r. Suppose -3 = z - h. List the prime factors of z.
2, 107
Suppose 6*n + n = 2*n. Suppose n = 5*w, -3*s + 5 + 7 = -w. Suppose 5*l - s*j = 205, 5*l + 4*j = 56 + 109. List the prime factors of l.
37
Let f(z) = -2587*z - 4347. What are the prime factors of f(-18)?
3, 4691
Suppose 20*c - 1094341 = 15*c - 12*c. List the prime factors of c.
64373
Let l = 4258 + 28. List the prime factors of l.
2, 2143
Suppose -4*p + 4*z = -22928, -3*z = -6*p + 9*p - 17202. List the prime factors of p.
3, 7, 13
Let i(z) = z**3 + 4*z**2 + 4*z + 3. Let p be i(-3). Suppose -6*h + 4*h - 4 = p, 3*s - 4*h = 23. Let w(b) = 6*b**2 - b - 11. What are the prime factors of w(s)?
2, 67
Let r(b) = 464*b**2 - 100*b - 541. What are the prime factors of r(-5)?
3, 3853
Suppose -3*d = 3*s - 5*s - 3, -2*s - 4*d + 18 = 0. Suppose s*p - 2562 = -3*t, p - 6*t = -8*t + 855. List the prime factors of p.
853
Let j(t) = 84*t - 12. Let r be j(-9). Let k = r - -1248. List the prime factors of k.
2, 3, 5
Let i = 115354 + -74830. List the prime factors of i.
2, 3, 11, 307
Let o(t) = 664*t - 4318. What are the prime factors of o(42)?
2, 5, 2357
Let p = 9474 + 27073. List the prime factors of p.
7, 23, 227
Let t = 151 + -244. Let j(w) = -18*w + 152. Let r be j(22). Let s = t - r. What are the prime factors of s?
151
Suppose 104*k - 61*k = 55*k - 51360. What are the prime factors of k?
2, 5, 107
Let m = -37717 - -62570. List the prime factors of m.
29, 857
Let a = 523 + -547. What are the prime factors of ((-540)/a)/(3/296*2)?
2, 3, 5, 37
Let i(q) = 1 - 115*q - 162*q - 2. Let m be i(2). What are the prime factors of 0 - (0 - m)/(-5)?
3, 37
Suppose 2*f = f + 219. Suppose r - f = -5*k, 0 = 2*r + k - 2*k - 416. Let x = r - 118. List the prime factors of x.
7, 13
Suppose -5*h - 27 = -42. Suppose h*p - 15*p = -60. Suppose -2*c = -w - 379, 2*w - 262 - 672 = -p*c. What are the prime factors of c?
2, 47
Sup